[INFO] cloning repository https://github.com/atwupack/denshi
[INFO] running `Command { std: "git" "-c" "credential.helper=" "-c" "credential.helper=/workspace/cargo-home/bin/git-credential-null" "clone" "--bare" "https://github.com/atwupack/denshi" "/workspace/cache/git-repos/https%3A%2F%2Fgithub.com%2Fatwupack%2Fdenshi", kill_on_drop: false }`
[INFO] [stderr] Cloning into bare repository '/workspace/cache/git-repos/https%3A%2F%2Fgithub.com%2Fatwupack%2Fdenshi'...
[INFO] running `Command { std: "git" "rev-parse" "HEAD", kill_on_drop: false }`
[INFO] [stdout] 7155ecdd6d6e4d1ea22a2aafb93ecd0c0b47c48e
[INFO] checking atwupack/denshi against master#af3c6e733a40e671550e0f0f5aeecaa13772ba56 for pr-74989
[INFO] running `Command { std: "git" "clone" "/workspace/cache/git-repos/https%3A%2F%2Fgithub.com%2Fatwupack%2Fdenshi" "/workspace/builds/worker-1/source", kill_on_drop: false }`
[INFO] [stderr] Cloning into '/workspace/builds/worker-1/source'...
[INFO] [stderr] done.
[INFO] validating manifest of git repo https://github.com/atwupack/denshi on toolchain af3c6e733a40e671550e0f0f5aeecaa13772ba56
[INFO] running `Command { std: "/workspace/cargo-home/bin/cargo" "+af3c6e733a40e671550e0f0f5aeecaa13772ba56" "read-manifest" "--manifest-path" "Cargo.toml", kill_on_drop: false }`
[INFO] started tweaking git repo https://github.com/atwupack/denshi
[INFO] finished tweaking git repo https://github.com/atwupack/denshi
[INFO] tweaked toml for git repo https://github.com/atwupack/denshi written to /workspace/builds/worker-1/source/Cargo.toml
[INFO] running `Command { std: "/workspace/cargo-home/bin/cargo" "+af3c6e733a40e671550e0f0f5aeecaa13772ba56" "generate-lockfile" "--manifest-path" "Cargo.toml" "-Zno-index-update", kill_on_drop: false }`
[INFO] running `Command { std: "/workspace/cargo-home/bin/cargo" "+af3c6e733a40e671550e0f0f5aeecaa13772ba56" "fetch" "--locked" "--manifest-path" "Cargo.toml", kill_on_drop: false }`
[INFO] running `Command { std: "docker" "create" "-v" "/var/lib/crater-agent-workspace/builds/worker-1/target:/opt/rustwide/target:rw,Z" "-v" "/var/lib/crater-agent-workspace/builds/worker-1/source:/opt/rustwide/workdir:ro,Z" "-v" "/var/lib/crater-agent-workspace/cargo-home:/opt/rustwide/cargo-home:ro,Z" "-v" "/var/lib/crater-agent-workspace/rustup-home:/opt/rustwide/rustup-home:ro,Z" "-e" "SOURCE_DIR=/opt/rustwide/workdir" "-e" "CARGO_TARGET_DIR=/opt/rustwide/target" "-e" "CARGO_HOME=/opt/rustwide/cargo-home" "-e" "RUSTUP_HOME=/opt/rustwide/rustup-home" "-w" "/opt/rustwide/workdir" "-m" "1610612736" "--user" "0:0" "--network" "none" "rustops/crates-build-env@sha256:d92eaeed33fa75130ca1ee6c8a01d1ffb62bac859dfdfb3450e3e5d1c0146529" "/opt/rustwide/cargo-home/bin/cargo" "+af3c6e733a40e671550e0f0f5aeecaa13772ba56" "metadata" "--no-deps" "--format-version=1", kill_on_drop: false }`
[INFO] [stdout] 315b9af1ddc3821e489427902d08bcb9b59763660b81b1d0db9e4f4c5929110e
[INFO] [stderr] WARNING: Your kernel does not support swap limit capabilities or the cgroup is not mounted. Memory limited without swap.
[INFO] running `Command { std: "docker" "start" "-a" "315b9af1ddc3821e489427902d08bcb9b59763660b81b1d0db9e4f4c5929110e", kill_on_drop: false }`
[INFO] running `Command { std: "docker" "inspect" "315b9af1ddc3821e489427902d08bcb9b59763660b81b1d0db9e4f4c5929110e", kill_on_drop: false }`
[INFO] running `Command { std: "docker" "rm" "-f" "315b9af1ddc3821e489427902d08bcb9b59763660b81b1d0db9e4f4c5929110e", kill_on_drop: false }`
[INFO] [stdout] 315b9af1ddc3821e489427902d08bcb9b59763660b81b1d0db9e4f4c5929110e
[INFO] running `Command { std: "docker" "create" "-v" "/var/lib/crater-agent-workspace/builds/worker-1/target:/opt/rustwide/target:rw,Z" "-v" "/var/lib/crater-agent-workspace/builds/worker-1/source:/opt/rustwide/workdir:ro,Z" "-v" "/var/lib/crater-agent-workspace/cargo-home:/opt/rustwide/cargo-home:ro,Z" "-v" "/var/lib/crater-agent-workspace/rustup-home:/opt/rustwide/rustup-home:ro,Z" "-e" "SOURCE_DIR=/opt/rustwide/workdir" "-e" "CARGO_TARGET_DIR=/opt/rustwide/target" "-e" "CARGO_INCREMENTAL=0" "-e" "RUST_BACKTRACE=full" "-e" "RUSTFLAGS=--cap-lints=forbid" "-e" "CARGO_HOME=/opt/rustwide/cargo-home" "-e" "RUSTUP_HOME=/opt/rustwide/rustup-home" "-w" "/opt/rustwide/workdir" "-m" "1610612736" "--user" "0:0" "--network" "none" "rustops/crates-build-env@sha256:d92eaeed33fa75130ca1ee6c8a01d1ffb62bac859dfdfb3450e3e5d1c0146529" "/opt/rustwide/cargo-home/bin/cargo" "+af3c6e733a40e671550e0f0f5aeecaa13772ba56" "check" "--frozen" "--all" "--all-targets" "--message-format=json", kill_on_drop: false }`
[INFO] [stdout] d9feca728295da6de0c23c4d77e44291ee226de64351a6fff36c8aff8269034f
[INFO] [stderr] WARNING: Your kernel does not support swap limit capabilities or the cgroup is not mounted. Memory limited without swap.
[INFO] running `Command { std: "docker" "start" "-a" "d9feca728295da6de0c23c4d77e44291ee226de64351a6fff36c8aff8269034f", kill_on_drop: false }`
[INFO] [stderr]     Checking rand_core v0.4.2
[INFO] [stderr]    Compiling autocfg v0.1.7
[INFO] [stderr]    Compiling proc-macro2 v1.0.21
[INFO] [stderr]    Compiling bitflags v1.2.1
[INFO] [stderr]    Compiling serde_derive v1.0.116
[INFO] [stderr]    Compiling serde v1.0.116
[INFO] [stderr]    Compiling log v0.4.11
[INFO] [stderr]     Checking cfg-if v0.1.10
[INFO] [stderr]     Checking itoa v0.4.6
[INFO] [stderr]     Checking termcolor v1.1.0
[INFO] [stderr]     Checking enclose v1.1.8
[INFO] [stderr]     Checking lazy_static v1.4.0
[INFO] [stderr]    Compiling glib-sys v0.9.1
[INFO] [stderr]    Compiling gobject-sys v0.9.1
[INFO] [stderr]    Compiling gio-sys v0.9.1
[INFO] [stderr]    Compiling pango-sys v0.9.1
[INFO] [stderr]    Compiling gdk-pixbuf-sys v0.9.1
[INFO] [stderr]    Compiling cairo-sys-rs v0.9.2
[INFO] [stderr]    Compiling gdk-sys v0.9.1
[INFO] [stderr]    Compiling atk-sys v0.9.1
[INFO] [stderr]    Compiling gtk-sys v0.9.2
[INFO] [stderr]    Compiling soup-sys v0.9.0
[INFO] [stderr]    Compiling webkit2gtk-sys v0.10.0
[INFO] [stderr]    Compiling tinyfiledialogs v3.3.10
[INFO] [stderr]    Compiling webview-sys v0.5.1
[INFO] [stderr]    Compiling num-traits v0.2.12
[INFO] [stderr]    Compiling num-integer v0.1.43
[INFO] [stderr]     Checking rand_core v0.3.1
[INFO] [stderr]     Checking rand_jitter v0.1.4
[INFO] [stderr]     Checking javascriptcore-rs-sys v0.2.0
[INFO] [stderr]     Checking rand_os v0.1.3
[INFO] [stderr]     Checking memchr v1.0.2
[INFO] [stderr]     Checking rand_isaac v0.1.1
[INFO] [stderr]     Checking rand_hc v0.1.0
[INFO] [stderr]     Checking rand_xorshift v0.1.1
[INFO] [stderr]     Checking nom v3.2.1
[INFO] [stderr]    Compiling rand_chacha v0.1.1
[INFO] [stderr]    Compiling rand_pcg v0.1.2
[INFO] [stderr]    Compiling rand v0.6.5
[INFO] [stderr]    Compiling quote v1.0.7
[INFO] [stderr]    Compiling syn v1.0.40
[INFO] [stderr]     Checking chrono v0.4.15
[INFO] [stderr]     Checking nanoid v0.3.0
[INFO] [stderr]     Checking systemstat v0.1.5
[INFO] [stderr]     Checking simplelog v0.8.0
[INFO] [stderr]     Checking web-view v0.6.3
[INFO] [stderr]     Checking serde_json v1.0.57
[INFO] [stderr]     Checking denshi v0.1.0 (/opt/rustwide/workdir)
[INFO] [stdout] warning: unused import: `info`
[INFO] [stdout]  --> src/lib.rs:3:18
[INFO] [stdout]   |
[INFO] [stdout] 3 | use log::{debug, info};
[INFO] [stdout]   |                  ^^^^
[INFO] [stdout]   |
[INFO] [stdout]   = note: `#[warn(unused_imports)]` on by default
[INFO] [stdout] 
[INFO] [stdout] 
[INFO] [stdout] warning: unused import: `info`
[INFO] [stdout]  --> src/lib.rs:3:18
[INFO] [stdout]   |
[INFO] [stdout] 3 | use log::{debug, info};
[INFO] [stdout]   |                  ^^^^
[INFO] [stdout]   |
[INFO] [stdout]   = note: `#[warn(unused_imports)]` on by default
[INFO] [stdout] 
[INFO] [stdout] 
[INFO] [stdout] error[E0373]: closure may outlive the current function, but it borrows `event`, which is owned by the current function
[INFO] [stdout]   --> src/frp.rs:35:34
[INFO] [stdout]    |
[INFO] [stdout] 35 |         let sink = Sink::from_fn(|e| {
[INFO] [stdout]    |                                  ^^^ may outlive borrowed value `event`
[INFO] [stdout] 36 |             event.send(e)
[INFO] [stdout]    |             ----- `event` is borrowed here
[INFO] [stdout]    |
[INFO] [stdout] note: function requires argument type to outlive `'static`
[INFO] [stdout]   --> src/frp.rs:35:20
[INFO] [stdout]    |
[INFO] [stdout] 35 |           let sink = Sink::from_fn(|e| {
[INFO] [stdout]    |  ____________________^
[INFO] [stdout] 36 | |             event.send(e)
[INFO] [stdout] 37 | |         });
[INFO] [stdout]    | |__________^
[INFO] [stdout] help: to force the closure to take ownership of `event` (and any other referenced variables), use the `move` keyword
[INFO] [stdout]    |
[INFO] [stdout] 35 |         let sink = Sink::from_fn(move |e| {
[INFO] [stdout]    |                                  ^^^^^^^^
[INFO] [stdout] 
[INFO] [stdout] 
[INFO] [stdout] error[E0505]: cannot move out of `event` because it is borrowed
[INFO] [stdout]   --> src/frp.rs:38:10
[INFO] [stdout]    |
[INFO] [stdout] 35 |           let sink = Sink::from_fn(|e| {
[INFO] [stdout]    |                      -             --- borrow of `event` occurs here
[INFO] [stdout]    |  ____________________|
[INFO] [stdout]    | |
[INFO] [stdout] 36 | |             event.send(e)
[INFO] [stdout]    | |             ----- borrow occurs due to use in closure
[INFO] [stdout] 37 | |         });
[INFO] [stdout]    | |__________- argument requires that `event` is borrowed for `'static`
[INFO] [stdout] 38 |           (event, sink)
[INFO] [stdout]    |            ^^^^^ move out of `event` occurs here
[INFO] [stdout] 
[INFO] [stdout] 
[INFO] [stdout] error: aborting due to 2 previous errors; 1 warning emitted
[INFO] [stdout] 
[INFO] [stdout] 
[INFO] [stdout] Some errors have detailed explanations: E0373, E0505.
[INFO] [stdout] 
[INFO] [stdout] For more information about an error, try `rustc --explain E0373`.
[INFO] [stdout] 
[INFO] [stderr] error: could not compile `denshi`.
[INFO] [stderr] 
[INFO] [stderr] To learn more, run the command again with --verbose.
[INFO] [stderr] warning: build failed, waiting for other jobs to finish...
[INFO] [stdout] error[E0373]: closure may outlive the current function, but it borrows `event`, which is owned by the current function
[INFO] [stdout]   --> src/frp.rs:35:34
[INFO] [stdout]    |
[INFO] [stdout] 35 |         let sink = Sink::from_fn(|e| {
[INFO] [stdout]    |                                  ^^^ may outlive borrowed value `event`
[INFO] [stdout] 36 |             event.send(e)
[INFO] [stdout]    |             ----- `event` is borrowed here
[INFO] [stdout]    |
[INFO] [stdout] note: function requires argument type to outlive `'static`
[INFO] [stdout]   --> src/frp.rs:35:20
[INFO] [stdout]    |
[INFO] [stdout] 35 |           let sink = Sink::from_fn(|e| {
[INFO] [stdout]    |  ____________________^
[INFO] [stdout] 36 | |             event.send(e)
[INFO] [stdout] 37 | |         });
[INFO] [stdout]    | |__________^
[INFO] [stdout] help: to force the closure to take ownership of `event` (and any other referenced variables), use the `move` keyword
[INFO] [stdout]    |
[INFO] [stdout] 35 |         let sink = Sink::from_fn(move |e| {
[INFO] [stdout]    |                                  ^^^^^^^^
[INFO] [stdout] 
[INFO] [stdout] 
[INFO] [stdout] error[E0505]: cannot move out of `event` because it is borrowed
[INFO] [stdout]   --> src/frp.rs:38:10
[INFO] [stdout]    |
[INFO] [stdout] 35 |           let sink = Sink::from_fn(|e| {
[INFO] [stdout]    |                      -             --- borrow of `event` occurs here
[INFO] [stdout]    |  ____________________|
[INFO] [stdout]    | |
[INFO] [stdout] 36 | |             event.send(e)
[INFO] [stdout]    | |             ----- borrow occurs due to use in closure
[INFO] [stdout] 37 | |         });
[INFO] [stdout]    | |__________- argument requires that `event` is borrowed for `'static`
[INFO] [stdout] 38 |           (event, sink)
[INFO] [stdout]    |            ^^^^^ move out of `event` occurs here
[INFO] [stdout] 
[INFO] [stdout] 
[INFO] [stdout] error: aborting due to 2 previous errors; 1 warning emitted
[INFO] [stdout] 
[INFO] [stdout] 
[INFO] [stdout] Some errors have detailed explanations: E0373, E0505.
[INFO] [stdout] 
[INFO] [stdout] For more information about an error, try `rustc --explain E0373`.
[INFO] [stdout] 
[INFO] [stderr] error: build failed
[INFO] running `Command { std: "docker" "inspect" "d9feca728295da6de0c23c4d77e44291ee226de64351a6fff36c8aff8269034f", kill_on_drop: false }`
[INFO] running `Command { std: "docker" "rm" "-f" "d9feca728295da6de0c23c4d77e44291ee226de64351a6fff36c8aff8269034f", kill_on_drop: false }`
[INFO] [stdout] d9feca728295da6de0c23c4d77e44291ee226de64351a6fff36c8aff8269034f
